{"id":64,"date":"2023-07-22T09:25:47","date_gmt":"2023-07-22T09:25:47","guid":{"rendered":"https:\/\/cortedapaura.it\/?page_id=64"},"modified":"2025-10-03T09:06:15","modified_gmt":"2025-10-03T09:06:15","slug":"news-da-fb","status":"publish","type":"page","link":"https:\/\/cortedapaura.it\/index.php\/news-da-fb\/","title":{"rendered":"News da FB"},"content":{"rendered":"<p>Se volete rimanere aggiornati, visitate la <a href=\"https:\/\/www.facebook.com\/events\/651208837757536\" target=\"_blank\" rel=\"noopener\">pagina Facebook dell&#8217;evento<\/a>, in particolare le <a href=\"https:\/\/www.facebook.com\/events\/651208837757536\/?active_tab=discussion\">discussioni<\/a>, dove pubblicheremo novit\u00e0, fotografie, informazioni. La pagina \u00e8 visitabile anche da chi non \u00e8 iscritto al social network.<\/p>\n<p>&nbsp;<\/p>\n<p>Pagina dell&#8217;evento: <a href=\"https:\/\/www.facebook.com\/events\/651208837757536\">https:\/\/www.facebook.com\/events\/651208837757536<\/a><\/p>\n<p>Pagina delle discussioni dell&#8217;evento: <a href=\"https:\/\/www.facebook.com\/events\/651208837757536\/?active_tab=discussion\">https:\/\/www.facebook.com\/events\/651208837757536\/?active_tab=discussion<\/a><\/p>\n","protected":false},"excerpt":{"rendered":"<p>Se volete rimanere aggiornati, visitate la pagina Facebook dell&#8217;evento, in particolare le discussioni, dove pubblicheremo novit\u00e0, fotografie, informazioni. La pagina \u00e8 visitabile anche da chi non \u00e8 iscritto al social network. &nbsp; Pagina dell&#8217;evento: https:\/\/www.facebook.com\/events\/651208837757536 Pagina delle discussioni dell&#8217;evento: https:\/\/www.facebook.com\/events\/651208837757536\/?active_tab=discussion<\/p>\n","protected":false},"author":3,"featured_media":0,"parent":0,"menu_order":0,"comment_status":"closed","ping_status":"closed","template":"","meta":{"footnotes":""},"class_list":["post-64","page","type-page","status-publish","hentry"],"jetpack_sharing_enabled":true,"_links":{"self":[{"href":"https:\/\/cortedapaura.it\/index.php\/wp-json\/wp\/v2\/pages\/64","targetHints":{"allow":["GET"]}}],"collection":[{"href":"https:\/\/cortedapaura.it\/index.php\/wp-json\/wp\/v2\/pages"}],"about":[{"href":"https:\/\/cortedapaura.it\/index.php\/wp-json\/wp\/v2\/types\/page"}],"author":[{"embeddable":true,"href":"https:\/\/cortedapaura.it\/index.php\/wp-json\/wp\/v2\/users\/3"}],"replies":[{"embeddable":true,"href":"https:\/\/cortedapaura.it\/index.php\/wp-json\/wp\/v2\/comments?post=64"}],"version-history":[{"count":6,"href":"https:\/\/cortedapaura.it\/index.php\/wp-json\/wp\/v2\/pages\/64\/revisions"}],"predecessor-version":[{"id":136,"href":"https:\/\/cortedapaura.it\/index.php\/wp-json\/wp\/v2\/pages\/64\/revisions\/136"}],"wp:attachment":[{"href":"https:\/\/cortedapaura.it\/index.php\/wp-json\/wp\/v2\/media?parent=64"}],"curies":[{"name":"wp","href":"https:\/\/api.w.org\/{rel}","templated":true}]}}