{"id":52,"date":"2023-07-19T21:49:01","date_gmt":"2023-07-19T21:49:01","guid":{"rendered":"https:\/\/cortedapaura.it\/?page_id=52"},"modified":"2025-09-30T17:29:42","modified_gmt":"2025-09-30T17:29:42","slug":"come-funziona","status":"publish","type":"page","link":"https:\/\/cortedapaura.it\/index.php\/come-funziona\/","title":{"rendered":"Come funziona"},"content":{"rendered":"<p>L&#8217;evento \u00e8 in sostanza un &#8220;dolcetto e scherzetto&#8221;, dove al termine di un percorso si potr\u00e0, se si sar\u00e0 abbastanza temerari, ricevere dei dolci. Il percorso, che si svolge in luoghi privati, sar\u00e0 allietato da tematizzazione, musica, effetti sonori e di luci, nonch\u00e9 da attori che potranno interagire con gli ospiti.<\/p>\n<p>Visti i costi sempre maggiori di allestimento, come per il precedente anno<strong>, per l&#8217;edizione 2025 viene chiesto un contributo simbolico di 2\u20ac<\/strong> per ogni adulto, di <strong>1\u20ac<\/strong> per ogni ragazzino sotto i 140cm di altezza e non viene richiesto contributo per i bambini sotto il metro di altezza, cos\u00ec da poterci aiutare con le spese dell&#8217;allestimento e per garantire in futuro altri eventi simili. Ovviamente potrete venire truccati e vestiti a tema &#8220;horror&#8221;, cosa che sar\u00e0 molto gradita.<\/p>\n<p>Visto il grande successo degli ultimi due anni prevediamo molta affluenza, e potrebbero formarsi code per l&#8217;accesso al percorso che possono superare i 20\/30 minuti, vi chiediamo di avere pazienza e collaborare con gli attori che gestiranno l&#8217;afflusso di persone.<\/p>\n<p><a name=\"prenotazioni\"><\/a>Per avere la garanzia di un attesa minima (pochissimi minuti) <strong>\u00e8 possibile effettuare una prenotazione di accesso a precisi orari<\/strong>, accedendo a questa pagina:\u00a0 <a href=\"https:\/\/calendly.com\/dolcettoscherzettogabriele\/cortedapaura2025?month=2025-10&amp;date=2025-10-31\">https:\/\/calendly.com\/dolcettoscherzettogabriele\/cortedapaura2025?month=2025-10&amp;date=2025-10-31<\/a><\/p>\n<p><strong>Come l&#8217;anno scorso, per l&#8217;edizione 2025 il percorso sar\u00e0 aperto dalle 19:30 alle 22, con una novit\u00e0: una doppia fascia oraria per due esperienze diverse: l<\/strong>&#8216;evento \u00e8 pensato per tutte le et\u00e0, dai pi\u00f9 piccoli agli adulti! Per chi \u00e8 facilmente impressionabile, c&#8217;\u00e8 la possibilit\u00e0 di saltare il &#8220;tunnel dell&#8217;orrore&#8221; e scegliere la fascia oraria delle 19:30\/20:30, ideale per un&#8217;esperienza pi\u00f9 leggera. Dopo quell&#8217;orario il percorso diventer\u00e0 un po&#8217; pi\u00f9 spaventoso per chi cerca qualche brivido in pi\u00f9!<\/p>\n<p><strong>31 Ottobre 2025<br \/>\n<\/strong><strong>Dalle 19:30 alle 20:30 versione pi\u00f9 &#8220;soft&#8221;<\/strong><br \/>\n<strong>Dalle 20:30 alle 22 versione pi\u00f9 &#8220;horror&#8221;<\/strong><\/p>\n<p>Per sapere dove siamo: <a href=\"https:\/\/cortedapaura.it\/index.php\/dove-siamo\/\">https:\/\/cortedapaura.it\/index.php\/dove-siamo\/<\/a><\/p>\n<h1><\/h1>\n<h1 style=\"text-align: center;\">Regolamento Accesso CORTE DA PAURA &#8211; \u201cDolcetto e Scherzetto da Gabriele &amp; Co\u201d<\/h1>\n<p><img data-recalc-dims=\"1\" loading=\"lazy\" decoding=\"async\" class=\"alignright wp-image-58\" src=\"https:\/\/i0.wp.com\/cortedapaura.it\/wp-content\/uploads\/2023\/07\/regolamento2022-Pagina002.jpg?resize=495%2C700&#038;ssl=1\" alt=\"\" width=\"495\" height=\"700\" srcset=\"https:\/\/i0.wp.com\/cortedapaura.it\/wp-content\/uploads\/2023\/07\/regolamento2022-Pagina002-scaled.jpg?resize=724%2C1024&amp;ssl=1 724w, https:\/\/i0.wp.com\/cortedapaura.it\/wp-content\/uploads\/2023\/07\/regolamento2022-Pagina002-scaled.jpg?resize=212%2C300&amp;ssl=1 212w, https:\/\/i0.wp.com\/cortedapaura.it\/wp-content\/uploads\/2023\/07\/regolamento2022-Pagina002-scaled.jpg?resize=768%2C1086&amp;ssl=1 768w, https:\/\/i0.wp.com\/cortedapaura.it\/wp-content\/uploads\/2023\/07\/regolamento2022-Pagina002-scaled.jpg?resize=1086%2C1536&amp;ssl=1 1086w, https:\/\/i0.wp.com\/cortedapaura.it\/wp-content\/uploads\/2023\/07\/regolamento2022-Pagina002-scaled.jpg?resize=1448%2C2048&amp;ssl=1 1448w, https:\/\/i0.wp.com\/cortedapaura.it\/wp-content\/uploads\/2023\/07\/regolamento2022-Pagina002-scaled.jpg?resize=2000%2C2829&amp;ssl=1 2000w, https:\/\/i0.wp.com\/cortedapaura.it\/wp-content\/uploads\/2023\/07\/regolamento2022-Pagina002-scaled.jpg?w=1810&amp;ssl=1 1810w\" sizes=\"auto, (max-width: 495px) 100vw, 495px\" \/><\/p>\n<ol>\n<li>Per l&#8217;edizione 2025 <strong>viene chiesto un contributo simbolico di 2\u20ac<\/strong> per ogni adulto o ragazzo alto pi\u00f9 di 140 cm, di <strong>1\u20ac<\/strong> per ogni ragazzino sino a 140cm di altezza, e non viene richiesto contributo per i bambini sotto al metro di altezza, per aiutarci con le spese di allestimento, che sono piuttosto elevate.<\/li>\n<li>L&#8217;evento \u00e8 pensato per tutte le et\u00e0, dai pi\u00f9 piccoli agli adulti! Per chi \u00e8 facilmente impressionabile, c&#8217;\u00e8 la possibilit\u00e0 di saltare il &#8220;tunnel dell&#8217;orrore&#8221; e scegliere la fascia oraria delle 19:30\/20:30, ideale per un&#8217;esperienza pi\u00f9 leggera. Dopo quell&#8217;orario il percorso diventer\u00e0 un po&#8217; pi\u00f9 spaventoso per chi cerca qualche brivido in pi\u00f9!<\/li>\n<li>Accedendo all\u2019evento <strong>diventerete protagonisti di un esperienza che pu\u00f2 suscitare paura<\/strong>, soprattutto nei pi\u00f9 suscettibili. <strong>Potrete essere toccati<\/strong> da attrezzatura scenica o dagli attori presenti. <strong>E\u2019 vietato toccare la scenografia o gli attori<\/strong>, uniche eccezioni sono quelle espressamente indicate dagli attori. Il percorso \u201ctunnel dell\u2019orrore\u201d potr\u00e0 essere evitato, baster\u00e0 seguire le indicazioni degli attori presenti.<\/li>\n<li><strong>E\u2019 vietato correre e uscire dal percorso indicato<\/strong> dalla scenografia e dagli attori. Chiediamo la collaborazione di tutti e di essere rispettosi della scenografia e degli effetti speciali. Ci riserviamo di allontanare chiunque non assuma un comportamento adeguato.<\/li>\n<li>Vi chiediamo di non attardarsi troppo nel percorso, soprattutto nel \u201ctunnel dell\u2019orrore\u201d. \u00c8 comunque consentito rallentare o fermarsi per brevi momenti per apprezzare la scenografia e\/o scattare fotografie.<\/li>\n<li>L\u2019accesso all\u2019evento \u00e8 contingentato, se non si \u00e8 effettuata la prenotazione va atteso il proprio turno in fila, si prega di rispettare le indicazioni fornite dagli attori.<\/li>\n<li>\u00c8 <strong>consentito<\/strong> l\u2019utilizzo di apparecchiature per la <strong>registrazione di foto e video<\/strong>, senza l\u2019utilizzo di led o fonti luminose per i video. Se effettuate riprese o fotografie vi chiediamo di condividerle con noi pubblicandole sulla pagina facebook dell\u2019evento o inviandole a Gabriele o Romina, se le fotografie non riprenderanno minorenni potrebbero essere ripubblicate o utilizzate da noi.<\/li>\n<li><strong>La zona \u00e8 soggetta a videosorveglianza<\/strong>. Accedendo accettate di essere ripresi (video e audio) per motivi di sicurezza.<\/li>\n<li>Il percorso pu\u00f2 essere visitato pi\u00f9 volte, ad ogni entrata bisogner\u00e0 rimettersi in coda e ripagare il contributo. Vi chiediamo eventualmente di ripetere il percorso nei momenti di minore affluenza. In caso di accesso ripetuto potrebbe essere non consentita la \u201cpresa dei dolci\u201d.<\/li>\n<li>In caso di esigenze alimentari particolari fate attenzione ai dolci\/caramelle ottenuti durante l\u2019esperienza. Sono previsti dolci\/caramelle appositi per effetti da celiachia, chiedete espressamente in merito all\u2019attore preposto alla \u201cpresa dei dolci\u201d.<\/li>\n<li>L&#8217;organizzazione si riserva il diritto di impedire l&#8217;accesso a persone che non rispettano il regolamento e\/o in evidente stato di alterazione e\/o che abbiano in passato violato il regolamento. Altres\u00ec l&#8217;organizzazione si riserva il diritto di allontanare chiunque non rispetta il presente regolamento.<\/li>\n<li><strong>\u00c8 gradito<\/strong>, non obbligatorio, un \u201c<strong>dress code\u201d a tema\u2026 siete i protagonisti di questo evento<\/strong>, siatelo sino in fondo venendo mascherati, ci aiuterete a costruire un\u2019atmosfera adeguata e pi\u00f9 divertente!<\/li>\n<\/ol>\n<p>&nbsp;<\/p>\n<p><b>La realizzazione di questo evento \u00e8 da intendersi a puro scopo ludico e di socializzazione<\/b><span style=\"font-weight: 400;\">. Non vi \u00e8 nessuna intenzione di promozione dell\u2019occulto o di qualsiasi credo religioso o pagano. Si sta solo sfruttando una data particolare del calendario, che ha origini europee e che poi \u00e8 stata rielaborata negli U.S.A. per creare un evento di puro divertimento e di socializzazione.<\/span><\/p>\n<p>&nbsp;<\/p>\n<p>Per qualsiasi richiesta scriveteci pure: gabriele.prandini@gmail.com<\/p>\n","protected":false},"excerpt":{"rendered":"<p>L&#8217;evento \u00e8 in sostanza un &#8220;dolcetto e scherzetto&#8221;, dove al termine di un percorso si potr\u00e0, se si sar\u00e0 abbastanza temerari, ricevere dei dolci. Il percorso, che si svolge in luoghi privati, sar\u00e0 allietato da tematizzazione, musica, effetti sonori e di luci, nonch\u00e9 da attori che potranno interagire con gli ospiti. Visti i costi sempre &hellip; <\/p>\n<p class=\"link-more\"><a href=\"https:\/\/cortedapaura.it\/index.php\/come-funziona\/\" class=\"more-link\">Leggi tutto<span class=\"screen-reader-text\"> &#8220;Come funziona&#8221;<\/span><\/a><\/p>\n","protected":false},"author":3,"featured_media":60,"parent":0,"menu_order":0,"comment_status":"closed","ping_status":"closed","template":"","meta":{"footnotes":""},"class_list":["post-52","page","type-page","status-publish","has-post-thumbnail","hentry"],"jetpack_sharing_enabled":true,"_links":{"self":[{"href":"https:\/\/cortedapaura.it\/index.php\/wp-json\/wp\/v2\/pages\/52","targetHints":{"allow":["GET"]}}],"collection":[{"href":"https:\/\/cortedapaura.it\/index.php\/wp-json\/wp\/v2\/pages"}],"about":[{"href":"https:\/\/cortedapaura.it\/index.php\/wp-json\/wp\/v2\/types\/page"}],"author":[{"embeddable":true,"href":"https:\/\/cortedapaura.it\/index.php\/wp-json\/wp\/v2\/users\/3"}],"replies":[{"embeddable":true,"href":"https:\/\/cortedapaura.it\/index.php\/wp-json\/wp\/v2\/comments?post=52"}],"version-history":[{"count":19,"href":"https:\/\/cortedapaura.it\/index.php\/wp-json\/wp\/v2\/pages\/52\/revisions"}],"predecessor-version":[{"id":124,"href":"https:\/\/cortedapaura.it\/index.php\/wp-json\/wp\/v2\/pages\/52\/revisions\/124"}],"wp:featuredmedia":[{"embeddable":true,"href":"https:\/\/cortedapaura.it\/index.php\/wp-json\/wp\/v2\/media\/60"}],"wp:attachment":[{"href":"https:\/\/cortedapaura.it\/index.php\/wp-json\/wp\/v2\/media?parent=52"}],"curies":[{"name":"wp","href":"https:\/\/api.w.org\/{rel}","templated":true}]}}